mposite?
True
Let n(q) = -68*q + 5. Let o be n(2). Let c = o - -80. Let l = c + 88. Is l a prime number?
True
Let c = -2297 - -5178. Is c prime?
False
Suppose -y - 5*j = -1024, -j + 8 - 13 = 0. Is y composite?
False
Suppose 0 = -4*q - 0*h + h + 4616, -4*h = 0. Is q a prime number?
False
Suppose 341*c - 347*c + 79818 = 0. Is c a prime number?
False
Suppose 19 + 139 = -a - 2*h, 4*a + 644 = -2*h. Is (-1)/(-1 + a/(-165)) prime?
False
Suppose -5*p + p + 4*l = -2496, 0 = -p + 4*l + 636. Suppose -5*n + n + p = 0. Suppose 131 = 2*o - n. Is o composite?
True
Let c = 20121 + -13724. Suppose -3*i + c = 2*i + 3*u, -2*u + 3839 = 3*i. Is i composite?
False
Let q = 37354 + -18431. Is q a composite number?
True
Let t(r) = 2*r**2 - 55*r - 104. Is t(-49) composite?
False
Let d be 55/11 - (-1 - -1). Suppose -2*h = -3*g - g + 892, d*h - 643 = -3*g. Is g a prime number?
False
Suppose -4*v + 2*h + 11240 = 0, 2*h + 638 = -v + 3443. Is v a prime number?
False
Let d = -7 - -16. Let b = 11 - d. Suppose 237 = b*s + 49. Is s composite?
True
Is (2/(-6))/(-11 - 7747400/(-704310)) a composite number?
True
Let a be -2*(-9)/(-24) + 4535/20. Suppose 4*u + a = 5*u - 5*g, -2*g = 2*u - 416. Is u prime?
True
Let g be 4/(-6) + 80/12. Is (-1182)/(-4)*(64/g)/8 a composite number?
True
Suppose -16*g + 212624 + 134624 = 0. Is g composite?
True
Let u = -7 + 12. Suppose 0 = i - u*i + 3556. Is i composite?
True
Suppose 99 = n - 62. Let c = n - 86. Suppose 2*o + 4 = 0, -2*m - o = -371 + c. Is m a prime number?
True
Let t = 351 - 268. Is t prime?
True
Suppose 3*q = 3*s - q - 2001, s = q + 666. Let w(m) = -m**3 - 3*m**2 + 4*m + 2. Let i be w(-9). Suppose 5*d - a = s, 5*d - 221 = -4*a + i. Is d prime?
False
Let m be (-4)/((-16)/20) - -3. Suppose 6*a + 6 = m*a. Suppose 4*g = a*i - 973, 0*i + 3*i = -5*g + 1018. Is i composite?
False
Let y(j) = -5*j**2 - 3 - 2 + 1 - 2*j - j**3 + 0*j**3. Let o be y(-5). Is (-5656)/(-35) + o/(-10) prime?
False
Let k(n) = 24*n**2 - n - 4. Is k(15) a prime number?
True
Let k = 8248 - 5507. Is k a prime number?
True
Suppose -4*z = 0, 3*b - 6*z + z = 3876. Let i = 2763 - b. Is i prime?
True
Suppose 5*f = -34 + 49. Suppose 5*i + 1747 = -2*q + f*q, -3*q + 5271 = -5*i. Is q a composite number?
True
Suppose 2020 = -4*c - 4*l, 2*l + 7 = 13. Suppose 4*p - 2411 = 3*v, -2*v - 2*p - 1600 = -p. Let j = c - v. Is j a prime number?
True
Let f = 20129 + -14122. Is f prime?
True
Suppose -17*j + 531 = 157. Suppose 0 = -5*s + 5, -4 = -5*p - 7*s + 3*s. Suppose p*o = -o + j. Is o prime?
False
Let x(r) = -r**3 - 12*r**2 - 21*r - 5. Let t be x(-10). Suppose -6956 = t*a - 9*a. Is a a prime number?
False
Let r(c) = 3*c + 14. Let h be r(-4). Is (-2)/(3 - h)*-59 prime?
False
Let c(v) be the first derivative of 20*v**3/3 + 25*v**2/2 + 31*v + 18. Is c(-16) a composite number?
False
Let v = -416 + 675. Is v a prime number?
False
Let h be (-33)/(-7) - 10/(-35). Suppose 5*t = -2*y + 1033, -2*t - h*y + 635 = t. Is t a prime number?
False
Is (-30)/25 - 156622/(-10) composite?
False
Suppose -j + 9 = 3*v - 4*j, -v = -4*j - 18. Let n = 11 - v. Is n prime?
True
Let u = -5 + 12. Let i(d) = d**3 - 3*d**2 + 9*d. Let o be i(u). Suppose 3*q - 568 - 249 = 5*f, o = q + 5*f. Is q a prime number?
True
Let a(t) = t**2 - 4*t + 74. Let r be (3 + -1)/4*(-11 - -11). Is a(r) a prime number?
False
Let a(r) = 9*r - 2. Let y be a(-2). Let o = y + 22. Suppose o*g + 6*i - 378 = 2*i, 4*i = -4*g + 760. Is g a prime number?
True
Suppose 8*j = 6*j + 85418. Is j composite?
False
Let m(y) = y**2 + 2*y + 4391. Is m(0) prime?
True
Let q be ((-3972)/5)/(-6) + (-14)/35. Suppose -w - 12 = -43. Let m = q + w. Is m a composite number?
False
Suppose -5*b - 20 = -4*h, -2*h - 2*b - 2 - 6 = 0. Suppose s - 156 - 1899 = -3*y, h = 4*y - 2*s - 2740. Is y a composite number?
True
Let k = 138 + -138. Suppose 0 = -3*c + w + 1177 + 381, k = -3*w + 15. Is c composite?
False
Let u(x) = -5*x. Suppose -3*l = -1 + 7. Let r be u(l). Suppose 2*n - r = 0, -2*m + 330 = -3*n + 31. Is m prime?
True
Suppose -a = 3*a - 3*c + 797, 2*a = -5*c - 405. Let v = a - -565. Is v a prime number?
False
Suppose 0 = -j + 17 + 2. Suppose 2*u + 3*u = -15, j = 2*z - 5*u. Is (-3 + 4/z)*-127 composite?
False
Let o(m) = -27*m**2 + 5. Let j(s) = -s**2 - 1. Let p(t) = -6*j(t) - o(t). Let w = -8 - -7. Is p(w) a composite number?
True
Suppose f + 3*f + 16 = 0. Let s(t) = -4*t**3 - 2*t**2 + t - 8. Let q be s(f). Let m = -106 + q. Is m a prime number?
False
Let w = -2921 + 5124. Is w prime?
True
Suppose 5*h - 3 - 12 = 0. Suppose -73 = -h*f + 1346. Is f a composite number?
True
Suppose -8*b + 11906 = -6*b. Let a = b + -2855. Is a a composite number?
True
Let a = -157 + 539. Let x = -267 + a. Is x a composite number?
True
Suppose -3*g - 121 + 1900 = 0. Is g composite?
False
Let w = 3477 + -422. Let v = 304 + w. Is v a prime number?
True
Let n be 3/((-10)/(-4)*12/2230). Suppose k + m - n = 287, 3*k - 4*m - 1565 = 0. Is k composite?
True
Let r = 54 - -34. Let u = 138 - r. Let g = 3 + u. Is g composite?
False
Let j be (92/(-8) + -2)*2. Let v = -24 - j. Suppose 4*g - 20 - 2 = -b, -v*g = 2*b - 29. Is b a composite number?
True
Let u be (-3 - -3)/(20/(-4)). Suppose u = 2*w - 2*q - 1229 - 1351, -5*w - 5*q + 6400 = 0. Is w a prime number?
False
Let p be (-1)/(-2) + 225/(-30). Let s = p - -7. Suppose s = 7*h + 227 - 1270. Is h a prime number?
True
Let v = 70269 + -42160. Is v prime?
True
Suppose 3*c - c + z + 23 = 0, 0 = -4*z - 4. Is (3 + c/2)*-298 composite?
True
Let m = 15334 - 9569. Is m prime?
False
Let i be 4/6*3 + -2. Suppose 806 = 5*s + 2*a, 5*s + 8*a - 11*a - 816 = 0. Suppose i = 2*g - 4, g = 5*h - 91 - s. Is h a composite number?
True
Suppose -13*k + 48713 = 10168. Is k a prime number?
False
Let l(b) be the third derivative of b**7/168 - 7*b**6/720 - 7*b**5/60 + 10*b**2. Let z(y) be the third derivative of l(y). Is z(2) a prime number?
True
Let v(j) = 1. Let q(m) = -5*m**3 + 2*m**2. Let b(d) = q(d) + v(d). Suppose -r = 3*u - 4*r + 27, -15 = 5*u + r. Is b(u) prime?
True
Suppose -3*i - 4*d = 119, 3*i - 2*d = -3*d - 122. Let j be -2 + i*9*-1. Suppose 0 = g - 0*g - j. Is g prime?
True
Suppose 3*c + c = -4*d - 624, -744 = 5*c - 4*d. Let u = c + 454. Suppose -5*i = -o + u, -2*o - 6*i + i = -619. Is o composite?
False
Let x be ((-5)/3)/((-8)/48). Let g(f) = f**3 - 10*f**2 + 2. Let a be g(x). Suppose 0 = a*k - 3*k + 201. Is k a composite number?
True
Let v = 34 - 54. Let u(j) = 19*j**2 + 51*j + 49. Is u(v) a prime number?
False
Suppose -2*f = -a + 1077, f = 3*a - 3896 + 640. Is a a prime number?
True
Suppose -16*k + 84 = -12*k. Let j = -17 + k. Suppose w - 3 = 0, 0 = -a + 4*a - j*w - 126. Is a a composite number?
True
Let l(f) = -49*f**3 - 13*f**2 + 10*f + 7. Is l(-6) a composite number?
True
Let n(h) = h - 5. Let r be n(11). Let b = -3 + r. Suppose -b*q = -1698 - 195. Is q a prime number?
True
Let u(f) = -18*f - 8. Let t be u(4). Let k(d) = -51*d - 4. Let o be k(3). Let x = t - o. Is x prime?
False
Suppose 38786 = 14*x - 25544. Is x a prime number?
False
Let f(c) = c**3 - 5*c**2 + 6*c - 4. Let a be f(4). Suppose 465 = a*h - h. Is h prime?
False
Let p(c) = -c**3 + 49*c**2 - 19*c - 53. Is p(24) composite?
True
Let v = 11 + -31. Let q = 2120 + -1213. Let p = v + q. Is p a prime number?
True
Let p(y) = 7*y - 67. Let o(h) = 20*h - 200. Let d(t) = -4*o(t) + 11*p(t). Let m be d(0). Let c = m - -6. Is c prime?
False
Suppose 3*v = 2*q + 3*q + 66, -4*q - 4*v - 40 = 0. Let g be (-2 - 1)*1*4. Is (258 - -1)*q/g a prime number?
False
Suppose f + 24 = -3*f. Let u(a) = 2*a**2 + a + 8. Let o be u(f). Let c = o - 37. Is c composite?
False
Let i(p) be the first derivative of 11/2*p**2 + 2 + 1/4*p**4 + 11/3*p**3 + 9*p. Is i(-8) a prime number?
True
Let i(a) be the second derivative of 1/3*a**4 + 0 - 12*a - a**3 - 3/2*a**2. Is i(-5) prime?
True
Suppose -23 = -5*f + 27. Suppose 0 = -f*c + 5275 + 695. Is c composite?
True
Let r be 4 - (-7)/(14/(-8)). Suppose -2*w + 8884 = -r*w. Suppose 5*q = -x + w, 3*q + 2*x - 3849 + 1188 = 0. Is q prime?
False
Suppose -4*y + 4*j = 344, 4*j - 429 + 4 = 5*y. Let g be ((-4)/3 - -1)*y. Suppose -24*u = -g*u + 387. Is u prime?
False
Let p(u) be the second derivative of -u**5/20 - u**3/6 + 221*u**2/2 - 9*u. Let x be p(0). Suppose -208 - x = -3*v. Is v composite?
True
Let k = -3 + 2